. Suppose -5*i = 4*o - k*o - 3298, 3*o + 9 = 0. Is i composite?
True
Let x(v) be the third derivative of -101*v**4/8 + 2*v**3/3 - 11*v**2 + 3. Is x(-1) a composite number?
False
Let b = -18251 - -31012. Is b prime?
False
Suppose 5*l = -t + 361867, -380*l + 382*l = -5*t + 144733. Is l composite?
True
Let t = -211 + 174. Is 1/(-1)*(-1114 + t) a prime number?
True
Let c(x) be the first derivative of 1037*x**2 + 3*x + 18. Let t(p) = 2075*p + 2. Let k(h) = 5*c(h) - 4*t(h). Is k(4) a composite number?
False
Let a = -127 + 141. Let t be (20 - 15)*a/10. Suppose -2*s = -t*s + j + 4897, 0 = -4*s + 4*j + 3924. Is s a prime number?
False
Let j be 1 - -7241 - (35/5 + -2). Suppose p - 2395 = -3*z, 64*p - 4*z - j = 61*p. Is p a prime number?
False
Suppose -3596*q + 529073 = f - 3601*q, 3*f - 1587123 = -q. Is f composite?
False
Let n be ((-5)/(-35) + -1)*-1505. Suppose 5*h - 4945 - n = 0. Is h a composite number?
True
Let g = 4353 - 6780. Let v = g + 6086. Is v prime?
True
Let l(v) = -v**3 - 4*v**2 + 12*v + 2. Let a be l(-6). Suppose 2*p + 3*b + 18 = 0, -a*p - 3*p + 3*b = 3. Let c(h) = -44*h + 11. Is c(p) composite?
True
Let t be 2*(4 + 5/(-2)). Let i be (-1)/(-2) + (-45)/(-40)*-4. Is t - (i + (-873)/3) composite?
True
Suppose -5*f = -2*z - 28, -5*f - 12 = -7*f + z. Let g(y) = 2458*y - 39. Is g(f) a prime number?
False
Let x(h) = 10768*h - 8. Let i be x(2). Suppose -2*u - 3*u + 26921 = -4*g, -4*u + i = -g. Is u a composite number?
False
Let l(v) = -1469*v**3 - 4*v**2 + 13*v + 23. Is l(-4) a composite number?
False
Suppose -6*y = -0*y. Suppose 4 + y = b. Suppose 4*t - 4*m = 6332, 5*t = -b*m + 5734 + 2199. Is t a prime number?
False
Suppose 0 = -6*y + 4*y + 16, 7*x - 3*y = 4691327. Is x a composite number?
False
Suppose 2221756 + 13297599 + 27557935 = 310*g. Is g a prime number?
True
Let v(w) = 5*w + 53. Let j be v(-7). Suppose j*l - 16235 = 13*l. Is l a composite number?
True
Let q(z) = z**2 - z - 7. Let o be q(3). Let s be 1*-3 - 1*(-6 - o). Suppose 4*r = -3*k + 578, 0*r + s*r + 4*k - 294 = 0. Is r a composite number?
True
Suppose 10*x - 199 = 41. Let y = -21 + x. Suppose 5*c = y*f + 1706 + 4115, 0 = 5*f + 10. Is c composite?
False
Suppose -56*a + 56*a - 14405259 = -33*a. Is a a prime number?
True
Is 2*((-10)/4)/((-290)/174) + 11818 composite?
False
Let w(c) = c**2 + 13. Let i be w(3). Suppose -7*f - 93255 = -i*f. Is f composite?
False
Let r(m) = -m**3 + 26*m**2 + 5*m + 5. Let h(u) = u**3 + 4*u**2 - 4*u - 4. Let p be h(-2). Is r(p) a composite number?
False
Let r = -2654 + 1588. Suppose -3*o - 175 = 5*l + 246, -5*o - 5*l = 715. Let a = o - r. Is a prime?
True
Suppose 0 = -25*r + 1220023 + 67190 + 106862. Is r a prime number?
True
Let u = 131947 + -1182. Is u prime?
False
Suppose -w - 5 = 4*s, 0*s + 10 = -3*s - 2*w. Suppose 3*j - j - 12 = s. Let g(q) = 19*q + 13. Is g(j) composite?
False
Suppose 2*f + 0*g = -g + 14, 7 = f - g. Let i(n) = n**3 - 7*n**2 + 3. Let y be i(f). Suppose -y*h = -12*h + 34785. Is h prime?
False
Suppose 254*u - 27 = 251*u. Suppose 6802 = 5*r - 10*o + 9*o, 0 = -3*o + u. Is r prime?
True
Let g = 14 + -11. Suppose 4*x = 4*t - 33048, x - 3*t = g*x + 16539. Is 2/((-10)/x) - 2 a composite number?
True
Let v = 66 - 64. Let d(m) = -1114*m + v - 3 + 117*m - 271*m. Is d(-6) composite?
False
Let k(i) = -5*i**2 - 7. Let a(f) = f**2 + 1. Let s(t) = -6*a(t) - k(t). Let y(n) = 5*n**2 + 5*n + 21. Let v(w) = -4*s(w) + y(w). Is v(7) composite?
True
Let z be 0 + 2 + -1*(-1)/1. Suppose 0 = -z*n - 15, -2*x + 4*n + 11751 = 3*n. Is x a prime number?
False
Let v = -63347 - -122004. Is v a composite number?
False
Suppose -9053257 = -84*c + 5045723. Is c composite?
True
Suppose -u - 1304159 = -2*k, -5*k - 101556 = -3*u - 3361954. Is k composite?
False
Suppose 9*b - 6*b = 5*v - 1192580, 4*b = 4*v - 954072. Is v a prime number?
False
Let i(m) be the first derivative of -m**4/4 + 31*m**3/3 - 15*m**2/2 + 10*m - 118. Is i(27) composite?
False
Let j = 11150 - -66743. Is j a composite number?
False
Let p(r) = 9983*r**3 - 12*r + 18. Is p(5) a prime number?
True
Suppose 0 = 2*s + 4*s + s. Is (-22 + 573)*(s - -1) composite?
True
Let i = 1091 + -2433. Let n = 1973 + i. Is n a prime number?
True
Let c(j) = 2*j - 10. Let q(u) = -1. Let g(k) = 2*c(k) - 22*q(k). Let w be g(4). Is (-3846)/w*(-2 + -1) prime?
True
Suppose -249 = 3*d + 45. Let p = d - -151. Suppose 2*y - 5*s - 397 = 0, -2*y - 2*s = -379 - p. Is y prime?
True
Suppose -3*k + 2*p + 12 = -2*k, 0 = 2*p - 4. Let u be (4/(-4))/(-7) + (-396)/(-21). Suppose -k*j + u*j = 9051. Is j a composite number?
True
Suppose 0 = -13*g + 33 + 6. Let i(a) = a**g - 98*a + 103*a + 6*a**2 + 7 + 0*a**3. Is i(10) a composite number?
False
Let z(n) = -177*n - 23. Let a be z(-23). Suppose 2*t + 3 = 11, 0 = 4*g + 3*t - a. Is g a composite number?
False
Let n = -71 + 156. Suppose -4*t - 2*j = -378, -2*t + 95 = -2*j - n. Is 27/36*(1 - t)/(-1) a composite number?
True
Let n(h) = 2848*h + 3. Is n(5) composite?
False
Suppose 127*z - 26697131 + 2910207 = 25985265. Is z a composite number?
False
Suppose -2*o = k - 3 - 4, -2*o - 8 = -4*k. Suppose 0 = 5*h + 4*z - 1839, -4*z + 1847 = 5*h - o*z. Is h prime?
False
Let w(m) = m**3 - 119*m**2 + 129*m - 784. Is w(119) a composite number?
True
Let x = 27 + -22. Suppose -2*l + 3*p - 1 = -l, 0 = -5*l + x*p + 5. Suppose -g + 0*j + 1257 = -j, -2*j + 2534 = l*g. Is g composite?
True
Suppose -11 = -29*n + 76. Suppose -n*m + 4*p + 53059 = 0, 0*m - 5*p = m - 17718. Is m prime?
False
Suppose 5*x - 92035 = 3*f, 5*f + 20 = -5. Suppose -4*b = 3*j - 18235, -3*j + 5*b - 205 + x = 0. Is j prime?
True
Let d(l) = -l**2 + l - 16. Let o be d(0). Let j(n) = 13*n - 7. Let t be j(o). Let i = t - -342. Is i a composite number?
False
Suppose 13301976 = 151*y + 828017. Is y a composite number?
False
Suppose 75*x - 394992 = 38851833. Is x composite?
True
Let n(w) = 5*w**3 + 3*w**2 - 4*w - 2. Let k be n(-4). Let g(h) = -2*h**2 - 11*h + 23. Let l be g(12). Let s = k - l. Is s composite?
False
Suppose -5*z + 4*b = -71310, 5*z + 3*b - 97638 = -26293. Suppose 59315 = 19*x + z. Is x a prime number?
True
Let z be ((-5)/(-20))/1 + 15/4. Let l(r) = 2*r**2 + 3*r + 4. Let y(t) = 2*t**2 + 4*t + 3. Let x(k) = z*l(k) - 3*y(k). Is x(6) composite?
False
Suppose 384716 + 1059628 = 24*v - 931632. Is v prime?
True
Let z(o) = 5742*o + 49. Let a be z(8). Suppose -5*m + 0*m + a = 0. Is m composite?
True
Let y = -6566 + 25675. Is y a composite number?
True
Suppose -292863 = -4*t + 5*v, 2*v + 44436 = t - 28779. Is t prime?
False
Let p(s) = -2*s + 58. Let j be p(28). Suppose 3*x - 12 = 0, -j*z = -4*x - 5050 - 4100. Is z a composite number?
False
Suppose c + 4*z - 30065 = 0, 0 = 24*c - 27*c - z + 90261. Is c a composite number?
False
Suppose 4*r = -5*u + 118, 6*u - 5*r - 100 = u. Let h be ((-31)/(-4))/(3/12). Let d = h + u. Is d a prime number?
True
Let k(w) = w**3 + 2*w**2 - 9*w + 2. Let x = -53 + 49. Let h be k(x). Is (-7317)/(-81) - (-4)/h composite?
True
Let f be (-106)/(-3) - (28/(-6))/7. Suppose 41 = 5*c - 4*r, -2*r + 2 = 4*c - f. Suppose 0 = c*h - 13*h + 1012. Is h a prime number?
False
Suppose -4*g - 4*u = -1732, -u + 2*u = 4*g - 1747. Let k = 925 + g. Is k a composite number?
False
Suppose -48543 + 1514 = -4*t - i, -3*i + 35265 = 3*t. Suppose -14699 = -5*j + 2*x, -3*x - t = -4*j - 2*x. Is j prime?
True
Suppose 10558 = r - 1946. Let x(n) = -n**3 + 16*n**2 + 2*n - 13. Let g be x(16). Suppose 7*o - g*o = -r. Is o composite?
True
Is 116147 + -8*(-4)/16 a prime number?
False
Let m(c) = -353*c + 3 + 34*c**2 + 174*c + 167*c. Is m(7) prime?
False
Is -2643*216/(-10) + (-2)/(-10) composite?
False
Let w(q) = 2695*q**2 + 2*q + 1. Let l be w(-1). Suppose 11*y - 54 = 5*y. Is y/(-15) - l/(-15) composite?
False
Let z = 78068 + -40665. Is z a composite number?
True
Let o = 6847 + -18635. Let f = -5367 - o. Is f a prime number?
True
Let a(n) = n**2 + 3*n - 8. Let u be a(-5). Suppose h + 4*c = 6*h - 511, -u*c = -h + 101. Is (-6)/(6/h)*(-1)/1 a composite number?
False
Is (-4 + 0)*(-6912763)/572 a prime number?
True
Let o(b) = -b + 11. Let a be o(2). Is 105738/9 + 3/a a prime number?
False
Is ((495/6)/5)/(39/312962) composite?
True
Let d = -65586 + 149569. Is d a prime number?
True
Suppose 10*q = 7725 + 685. Suppose -3*c = -3*d - 993, -4*c - 3*d + q = -504. Is c a comp